8
Convert 1b3 (base 13) to base 8.
473
-314 (base 5) to base 12
-70
-40 (base 13) to base 3
-1221
-b (base 12) to base 13
-b
What is 10 (base 3) in base 9?
3
Convert -2001 (base 3) to base 4.
-313
175 (base 11) to base 15
d8
What is -113 (base 4) in base 16?
-17
Convert -13 (base 11) to base 13.
-11
Convert -23 (base 6) to base 2.
-1111
109 (base 15) to base 8
352
What is -10 (base 5) in base 6?
-5
1111000 (base 2) to base 3
11110
-2 (base 7) to base 4
-2
What is -40 (base 11) in base 8?
-54
2 (base 11) to base 8
2
Convert 38 (base 11) to base 8.
51
What is 11 (base 7) in base 13?
8
Convert -9 (base 14) to base 16.
-9
2 (base 16) to base 5
2
What is -20 (base 5) in base 12?
-a
22 (base 11) to base 5
44
19 (base 12) to base 5
41
What is -33 (base 6) in base 7?
-30
What is -45 (base 7) in base 11?
-30
What is -1 (base 2) in base 9?
-1
What is -141 (base 5) in base 6?
-114
What is 23 (base 4) in base 7?
14
0 (base 4) to base 11
0
141 (base 6) to base 2
111101
What is 13 (base 4) in base 9?
7
3 (base 6) to base 10
3
Convert -6 (base 8) to base 7.
-6
-62 (base 8) to base 3
-1212
What is -17 (base 13) in base 12?
-18
Convert 31 (base 12) to base 15.
27
What is 117 (base 8) in base 9?
87
1 (base 3) to base 9
1
Convert -35 (base 11) to base 13.
-2c
What is -4 (base 9) in base 15?
-4
Convert -142 (base 7) to base 4.
-1033
Convert 17 (base 14) to base 3.
210
6 (base 10) to base 12
6
-34 (base 11) to base 8
-45
What is 3 (base 10) in base 8?
3
What is 0 (base 5) in base 4?
0
61 (base 12) to base 4
1021
183 (base 10) to base 6
503
What is -74 (base 13) in base 15?
-65
What is -17 (base 10) in base 5?
-32
Convert -3100 (base 4) to base 10.
-208
Convert 201 (base 3) to base 16.
13
What is -24 (base 5) in base 15?
-e
What is -3 (base 9) in base 4?
-3
Convert 3 (base 11) to base 7.
3
Convert 1 (base 16) to base 4.
1
What is 4 (base 6) in base 14?
4
Convert 28 (base 9) to base 12.
22
-66 (base 14) to base 6
-230
Convert -103 (base 6) to base 8.
-47
What is 5 (base 15) in base 2?
101
54 (base 10) to base 5
204
What is 140 (base 6) in base 8?
74
-21 (base 5) to base 14
-b
-16 (base 12) to base 11
-17
Convert 41 (base 10) to base 16.
29
Convert 7 (base 12) to base 11.
7
-110000 (base 2) to base 12
-40
30 (base 14) to base 15
2c
Convert -2002 (base 4) to base 16.
-82
Convert -4 (base 6) to base 13.
-4
Convert 0 (base 2) to base 11.
0
4 (base 13) to base 9
4
Convert 11 (base 5) to base 12.
6
Convert -4 (base 10) to base 6.
-4
What is -82 (base 16) in base 13?
-a0
What is -166 (base 13) in base 11?
-210
-1110 (base 2) to base 12
-12
Convert 0 (base 10) to base 2.
0
-1d (base 14) to base 9
-30
-29 (base 13) to base 9
-38
What is -136 (base 8) in base 14?
-6a
-1 (base 13) to base 15
-1
-3 (base 9) to base 5
-3
What is 299 (base 10) in base 9?
362
33 (base 14) to base 3
1200
-20 (base 14) to base 9
-31
What is -10 (base 2) in base 15?
-2
What is -1411 (base 5) in base 10?
-231
Convert -1 (base 10) to base 13.
-1
Convert -1203 (base 5) to base 2.
-10110010
-9b (base 13) to base 4
-2000
21 (base 10) to base 5
41
Convert -6 (base 7) to base 9.
-6
Convert -431 (base 5) to base 11.
-a6
Convert -5 (base 11) to base 2.
-101
-11101100 (base 2) to base 4
-3230
What is 50 (base 7) in base 4?
203
What is -24 (base 12) in base 9?
-31
What is -10 (base 4) in base 3?
-11
What is -5 (base 15) in base 6?
-5
-176 (base 9) to base 8
-226
3 (base 11) to base 2
11
1 (base 4) to base 8
1
0 (base 7) to base 4
0
What is -a0 (base 11) in base 15?
-75
Convert 3a (base 13) to base 8.
61
What is -3 (base 6) in base 2?
-11
What is 6 (base 15) in base 4?
12
Convert 1 (base 15) to base 9.
1
Convert -4 (base 15) to base 13.
-4
-13 (base 16) to base 11
-18
a (base 12) to base 11
a
What is 1 (base 10) in base 4?
1
-17 (base 9) to base 13
-13
What is 1 (base 3) in base 8?
1
7 (base 15) to base 3
21
What is 0 (base 8) in base 15?
0
28 (base 10) to base 15
1d
What is -21 (base 9) in base 16?
-13
-b9 (base 12) to base 7
-261
What is 21 (base 13) in base 14?
1d
-33 (base 7) to base 15
-19
1 (base 16) to base 3
1
16 (base 9) to base 8
17
Convert b (base 16) to base 14.
b
0 (base 6) to base 8
0
What is -c (base 13) in base 5?
-22
What is 12202 (base 3) in base 2?
10011011
-1 (base 16) to base 7
-1
What is 2 (base 10) in base 4?
2
What is -91 (base 10) in base 13?
-70
-40 (base 11) to base 6
-112
What is 2 (base 10) in base 7?
2
107 (base 10) to base 7
212
Convert -a7 (base 11) to base 3.
-11100
Convert 140 (base 11) to base 4.
2211
1a (base 11) to base 13
18
What is 2 (base 5) in base 15?
2
2 (base 13) to base 11
2
101 (base 7) to base 11
46
20 (base 12) to base 11
22
1 (base 10) to base 16
1
What is 0 (base 3) in base 2?
0
Convert 1111 (base 2) to base 10.
15
-11 (base 6) to base 5
-12
1040 (base 5) to base 7
265
Convert -43 (base 13) to base 6.
-131
Convert 3 (base 15) to base 12.
3
-123 (base 13) to base 12
-146
Convert 5 (base 6) to base 8.
5
61 (base 8) to base 5
144
Convert -10 (base 5) to base 2.
-101
What is 203 (base 6) in base 5?
300
-31 (base 12) to base 7
-52
4 (base 15) to base 7
4
-1 (base 9) to base 6
-1
-1 (base 4) to base 11
-1
What is 13 (base 11) in base 9?
15
Convert 102 (base 5) to base 3.
1000
-30 (base 7) to base 15
-16
-100001 (base 2) to base 13
-27
What is -1 (base 3) in base 7?
-1
What is -21000 (base 3) in base 15?
-c9
7c (base 13) to base 11
94
Convert -9 (base 15) to base 5.
-14
-2 (base 5) to base 2
-10
What is -10101001 (base 2) in base 3?
-20021
Convert d (base 15) to base 11.
12
Convert -11 (base 4) to base 8.
-5
3 (base 16) to base 15
3
-36 (base 8) to base 10
-30
Convert -7 (base 14) to base 2.
-111
Convert -88 (base 14) to base 4.
-1320
Convert 6 (base 13) to base 16.
6
What is 1 (base 13) in base 9?
1
Convert -100001 (base 3) to base 7.
-466
Convert -35 (base 10) to base 3.
-1022
What is -123 (base 5) in base 3?
-1102
What is 54 (base 14) in base 15?
4e
Convert -11 (base 11) to base 12.
-10
-21 (base 6) to base 5
-23
What is -2 (base 9) in base 8?
-2
71 (base 12) to base 4
1111
1 (base 11) to base 15
1
-5 (base 7) to base 15
-5
Convert -4 (base 7) to base 8.
-4
Convert 3 (base 5) to base 6.
3
Convert 4 (base 9) to base 16.
4
Convert -8c (base 16) to base 10.
-140
-4 (base 14) to base 5
-4
Convert -56 (base 14) to base 13.
-5b
What is -13 (base 6) in base 5?
-14
Convert 15 (base 15) to base 11.
19
0 (base 12) to base 10
0
What is 0 (base 5) in base 11?
0
0 (base 6) to base 2
0
What is 8 (base 13) in base 9?
8
Convert -120 (base 5) to base 6.
-55
What is -114 (base 5) in base 16?
-22
What is b (base 14) in base 5?
21
What is 29 (base 11) in base 7?
43
Convert 103 (base 6) to base 15.
29
344 (base 10) to base 12
248
What is 19 (base 14) in base 13?
1a
1 (base 10) to base 15
1
Convert 5 (base 15) to base 5.
10
-12 (base 5) to base 7
-10
What is 1011010 (base 2) in base 10?
90
What is -2000 (base 3) in base 7?
-105
Convert 10 (base 7) to base 13.
7
What is -11 (base 2) in base 11?
-3
Convert -47 (base 11) to base 4.
-303
Convert -111 (base 3) to base 4.
-31
What is 2 (base 14) in base 5?
2
What is 51 (base 15) in base 5?
301
42 (base 11) to base 13
37
What is 11 (base 14) in base 11?
14
-5 (base 16) to base 15
-5
Convert -20 (base 3) to base 8.
-6
-41 (base 5) to base 16
-15
What is 110101 (base 2) in base 15?
38
-11022 (base 3) to base 8
-164
-54 (base 7) to base 11
-36
What is 12 (base 11) in base 2?
1101
-6 (base 14) to base 2
-110
Convert -1 (base 11) to base 14.
-1
Convert -11 (base 5) to base 13.
-6
-59 (base 16) to base 4
-1121
Convert -18 (base 16) to base 7.
-33
0 (base 8) to base 6
0
20 (base 10) to base 16
14
Convert 61 (base 11) to base 8.
103
Convert 4 (base 5) to base 7.
4
Convert 29 (base 13) to base 7.
50
-233 (base 4) to base 10
-47
363 (base 8) to base 15
113
Convert -4 (base 12) to base 15.
-4
Convert -1 (base 2) to base 10.
-1
What is -a3 (base 12) in base 8?
-173
-22 (base 8) to base 14
-14
What is -1 (base 3) in base 4?
-1
-101210 (base 3) to base 16
-123
What is -30 (base 9) in base 2?
-11011
Convert -6 (base 10) to base 16.
-6
What is -33 (base 5) in base 13?
-15
Convert -52 (base 6) to base 5.
-112
-10 (base 3) to base 14
-3
Convert 1 (base 9) to base 15.
1
1 (base 3) to base 16
1
-1021 (base 4) to base 12
-61
1 (base 3) to base 5
1
Convert -3 (b